{"id":942,"date":"2021-06-13T18:23:46","date_gmt":"2021-06-13T18:23:46","guid":{"rendered":"https:\/\/estoniansociety.co.uk\/?page_id=942"},"modified":"2021-07-05T05:38:59","modified_gmt":"2021-07-05T05:38:59","slug":"uritused-hristo-boychev-fenomen","status":"publish","type":"page","link":"https:\/\/www.estoniansociety.co.uk\/en\/uritused-hristo-boychev-fenomen\/","title":{"rendered":"Arhiiv &#8211; 2017 &#8211; \u00dcritused &#8211; Hristo Boychev &#8220;FENOMEN&#8221;"},"content":{"rendered":"<p>&nbsp;<\/p>\n<h2 style=\"text-align: center;\"><span style=\"color: #5e5e61;\">Hristo Boychev &#8220;FENOMEN&#8221;<\/span><\/h2>\n<p><span style=\"color: #5e5e61;\">\u00a0 \u00a0<\/span><\/p>\n<p style=\"font-weight: 400;\"><span style=\"color: #5e5e61;\"><b><strong>Vaata \u00fcrituse kohta tehtud artiklit \u00a0meie<a style=\"color: #5e5e61;\" href=\"http:\/\/londonieestlased.blogspot.co.uk\/2017\/03\/hristo-boychev-fenomen-eesti-majas.html\">\u00a0BLOGIS<\/a>\u00a0ja pilte<a style=\"color: #5e5e61;\" href=\"https:\/\/www.facebook.com\/londonieestiselts\/photos\/a.142445709138693.21879.115408708509060\/1204456389604281\/?type=3&amp;theater\">\u00a0FACEBOOKIS<\/a>! \u00a0Intervjuu Mait Malmsteniga on samuti\u00a0<a style=\"color: #5e5e61;\" href=\"http:\/\/londonieestlased.blogspot.co.uk\/\">BLOGIS<\/a>\u00a0n\u00e4htaval! Lisaks on ilmunud artiklid &#8220;Eesti H\u00e4\u00e4le&#8221; m\u00e4rtsikuu 2017 numbris.<\/strong><\/b><\/span><\/p>\n<p style=\"font-weight: 400;\"><span style=\"color: #5e5e61;\">Teatrigrupp R.A.A.A.M. esineb etendusega &#8220;FENOMEN&#8221; Londonis 14.veebruaril ja Dublini Theater Civic 16.veebruaril 2017.\u00a0<\/span><\/p>\n<p style=\"font-weight: 400;\"><span style=\"color: #5e5e61;\"><em><b><strong>&#8220;Mait Malmsteni monolavastus on k\u00f6itev m\u00f5ttem\u00e4ngu k\u00f5rgpilotaa\u017e.<\/strong><\/b>&#8221; Margus Mikom\u00e4gi<\/em><\/span><\/p>\n<p style=\"font-weight: 400;\"><span style=\"color: #5e5e61;\">PEAOSAT\u00c4ITJA: \u00a0MAIT MALMSTEN<\/span><\/p>\n<p style=\"font-weight: 400;\"><span style=\"color: #5e5e61;\">Lavastaja Madis Kalmet<\/span><\/p>\n<p style=\"font-weight: 400;\"><span style=\"color: #5e5e61;\">Kunstnik Ervin \u00d5unapuu<\/span><\/p>\n<p style=\"font-weight: 400;\"><span style=\"color: #5e5e61;\">Muusikaline kujundaja Peeter Konovalov (Ugala)<\/span><\/p>\n<p style=\"font-weight: 400;\"><span style=\"color: #5e5e61;\">Valguskunstnik Priidu Adlas (Tallinna Linnateater)<\/span><\/p>\n<p style=\"font-weight: 400;\"><span style=\"color: #5e5e61;\">Etendus on ilma vaheajata 65 minutit.<\/span><\/p>\n<p style=\"font-weight: 400;\"><span style=\"color: #5e5e61;\"><b><strong>Sisututvustus<\/strong><\/b>:<\/span><\/p>\n<p style=\"font-weight: 400;\"><span style=\"color: #5e5e61;\">Ekspertide komisjoni ette on toodud \u00fcks kummaline mees, kellelt loodetakse vihjeid tuleviku s\u00fcndmustele.\u00a0Kes on see salap\u00e4rane, fenomenaalse elu- ja ajaloon\u00e4gemusega mees? On ta t\u00f5ekuulutaja v\u00f5i soolapuhuja ,hull v\u00f5i geenius, prohvet v\u00f5i \u0161arlatan ?\u00a0<\/span><\/p>\n<p style=\"font-weight: 400;\"><span style=\"color: #5e5e61;\">&#8220;Malmsten vahendab tagurpidi liikuvat aega sellise usu ja sisendava veendumusega, et kuulajana ei saa lahti m\u00f5tetest \u2013 \u00e4kki see ongi n\u00f5nda! Enamikul meist ei ole \u00fcleloomulikke v\u00f5imeid, me teame seda, ja ometi on meist k\u00f5igil keegi tuttav v\u00f5i v\u00e4hemalt tuttava tuttav, kes teab rohkem.&#8221; Teatrikriitik, Margus Mikom\u00e4gi<\/span><\/p>\n<p style=\"font-weight: 400;\"><span style=\"color: #5e5e61;\">\u201eFenomen\u201c, on Mait Malmsteni esimene \u00fclesastumine monolavastuses.<\/span><\/p>\n<p style=\"font-weight: 400;\"><span style=\"color: #5e5e61;\">\u201eFenomeni\u201c tekst on nii uus, et Eestis toimus 22. m\u00e4rtsil 2014\u00a0 Ida-Euroopa \u00fche tuntuma n\u00e4itekirjaniku maailmaesietendus.\u00a0<\/span><\/p>\n<p style=\"font-weight: 400;\"><span style=\"color: #5e5e61;\">Festivalidel osalemine: Lavastus \u201cFenomen\u201d on osalenud Varna rahvusvahelisel festivalil Bulgaarias, \u201eAltan SERGE\u201c festivalil Burjaatias. 2014. aasta Monomaffia festivalil P\u00e4rnus v\u00f5itis Mait Malmsten peaauhinna \u201cSuure Kirsi\u201d.<\/span><\/p>\n<p style=\"font-weight: 400;\"><span style=\"color: #5e5e61;\">Rohkem infot:\u00a0<\/span><\/p>\n<p style=\"font-weight: 400;\"><span style=\"color: #5e5e61;\">Teater R.A.A.A.M. &#8211;\u00a0<a style=\"color: #5e5e61;\" href=\"http:\/\/www.teater.ee\/teater_eestis\/teatrid\/R.A.A.A.M.theatre_id-140%20\/\">http:\/\/www.teater.ee\/teater_eestis\/teatrid\/R.A.A.A.M.theatre_id-140%20\/<\/a><\/span><\/p>\n<p style=\"font-weight: 400;\"><span style=\"color: #5e5e61;\">N\u00e4itleja Mait Malmsteni rollid ja lavastused &#8211;\u00a0<a style=\"color: #5e5e61;\" href=\"http:\/\/www.draamateater.ee\/mait-malmsten\">http:\/\/www.draamateater.ee\/mait-malmsten<\/a><\/span><\/p>\n<p style=\"font-weight: 400;\"><span style=\"color: #5e5e61;\">Teatri arvustus &#8220;Mees, kes m\u00e4letab tagurpidi \u00a0liikuvat aega.&#8221; &#8211;\u00a0<a style=\"color: #5e5e61;\" href=\"http:\/\/kultuur.postimees.ee\/2754876\/mees-kes-maeletab-tagurpidi-liikuvat-aega\">http:\/\/kultuur.postimees.ee\/2754876\/mees-kes-maeletab-tagurpidi-liikuvat-aega<\/a><\/span><\/p>\n<p style=\"font-weight: 400;\"><span style=\"color: #5e5e61;\"><b><strong>NB! Registreerimine on tasuta, aga palume teatrik\u00fclastajatel kaasa v\u00f5tta sularaha: \u00a0\u00a310.00 kultuuritegevuse toetuseks ja lisaks<\/strong><\/b><b><strong>\u00a0hea ja parema ostmiseks TEATRIKOHVIKUS, kus on eestimaine ja s\u00f5brap\u00e4evalik valik koha peal ja koju kaasa.<\/strong><\/b><\/span><\/p>\n<p style=\"font-weight: 400;\"><span style=\"color: #5e5e61;\"><a style=\"color: #5e5e61;\" href=\"https:\/\/www.eventbrite.co.uk\/e\/hristo-boychev-fenomen-tickets-31077916886\">REGISTREERI siin!\u00a0<\/a><\/span><\/p>\n<p style=\"font-weight: 400;\"><span style=\"color: #5e5e61;\"><a style=\"color: #5e5e61;\" href=\"https:\/\/www.facebook.com\/events\/1676603319298767\/\">\u00dcritus Facebookis!<\/a><\/span><\/p>\n<p style=\"font-weight: 400;\"><span style=\"color: #5e5e61;\">LISAINFO:<\/span><\/p>\n<p style=\"font-weight: 400;\"><span style=\"color: #5e5e61;\">Teine etendus: 16.veebruaril 2017 kell 20.15. Dublini Civic Theatre Saalis etendus FENOMEN<\/span><\/p>\n<p style=\"font-weight: 400;\"><span style=\"color: #5e5e61;\">Rohkem infot:\u00a0<a style=\"color: #5e5e61;\" href=\"https:\/\/www.civictheatre.ie\/whats-on\/fenomen\/2017-02-16\/\">https:\/\/www.civictheatre.ie\/whats-on\/fenomen\/2017-02-16\/<\/a><\/span><\/p>\n<p style=\"font-weight: 400;\"><span style=\"color: #5e5e61;\">&#8212;&#8212;&#8212;&#8212;&#8212;&#8212;&#8212;&#8212;&#8212;&#8212;&#8212;&#8212;&#8212;&#8212;&#8212;&#8212;&#8212;&#8212;&#8212;&#8212;&#8212;&#8212;&#8212;&#8212;&#8212;&#8212;&#8212;&#8212;&#8212;&#8212;&#8212;&#8212;&#8212;&#8212;&#8212;&#8212;&#8212;&#8212;&#8212;&#8212;-<\/span><\/p>\n<p style=\"font-weight: 400;\"><span style=\"color: #5e5e61;\">Teater FENOMEN toovad teieni:<\/span><\/p>\n<p style=\"font-weight: 400;\"><span style=\"color: #5e5e61;\"><b><strong>Londoni Eesti Selts ja Eestlased Dublinis\u00a0<\/strong><\/b><\/span><\/p>\n<p style=\"font-weight: 400;\"><span style=\"color: #5e5e61;\">Aitavad kaasa:<\/span><\/p>\n<p style=\"font-weight: 400;\"><span style=\"color: #5e5e61;\"><b><strong>Eesti Saatkond Londonis, Eesti Saatkond Dublinis<\/strong><\/b><\/span><\/p>\n<p style=\"font-weight: 400;\"><span style=\"color: #5e5e61;\">\/ abistajate nimekiri t\u00e4ieneb jooksvalt\/<\/span><\/p>\n<p style=\"font-weight: 400;\"><span style=\"color: #5e5e61;\"><b><i><strong><em>Kultuuri\u00fcritust toetab Eesti Vabariigi Kultuuriministeerium ja v\u00e4liseesti kultuuri\u00fchingute konkursi l\u00e4biviija Integratsiooni ja\u00a0 Migratsiooni Sihtasutuse Meie Inimesed (MISA) seoses rahvuskaaslase programmiga.<\/em><\/strong><\/i><\/b><\/span><\/p>\n<p style=\"font-weight: 400;\"><span style=\"color: #5e5e61;\"><em>Suur ait\u00e4h k\u00f5igile kaasaaitajatele ja teatrik\u00fclastajatele!<\/em><\/span><\/p>","protected":false},"excerpt":{"rendered":"<p>&nbsp; Hristo Boychev &#8220;FENOMEN&#8221; \u00a0 \u00a0 Vaata \u00fcrituse kohta tehtud artiklit \u00a0meie\u00a0BLOGIS\u00a0ja pilte\u00a0FACEBOOKIS! \u00a0Intervjuu Mait Malmsteniga on samuti\u00a0BLOGIS\u00a0n\u00e4htaval! Lisaks on ilmunud artiklid &#8220;Eesti H\u00e4\u00e4le&#8221; m\u00e4rtsikuu 2017 numbris. Teatrigrupp R.A.A.A.M. esineb etendusega &#8220;FENOMEN&#8221; Londonis 14.veebruaril ja Dublini Theater Civic 16.veebruaril 2017.\u00a0 &#8220;Mait Malmsteni monolavastus on k\u00f6itev m\u00f5ttem\u00e4ngu k\u00f5rgpilotaa\u017e.&#8221; Margus Mikom\u00e4gi PEAOSAT\u00c4ITJA: \u00a0MAIT MALMSTEN Lavastaja Madis Kalmet &hellip;<\/p>\n<p class=\"read-more\"> <a class=\"\" href=\"https:\/\/www.estoniansociety.co.uk\/en\/uritused-hristo-boychev-fenomen\/\"> <span class=\"screen-reader-text\">Arhiiv &#8211; 2017 &#8211; \u00dcritused &#8211; Hristo Boychev &#8220;FENOMEN&#8221;<\/span> Read More &raquo;<\/a><\/p>","protected":false},"author":1,"featured_media":0,"parent":0,"menu_order":0,"comment_status":"closed","ping_status":"closed","template":"","meta":{"_mi_skip_tracking":false,"footnotes":""},"class_list":["post-942","page","type-page","status-publish","hentry"],"_links":{"self":[{"href":"https:\/\/www.estoniansociety.co.uk\/en\/wp-json\/wp\/v2\/pages\/942","targetHints":{"allow":["GET"]}}],"collection":[{"href":"https:\/\/www.estoniansociety.co.uk\/en\/wp-json\/wp\/v2\/pages"}],"about":[{"href":"https:\/\/www.estoniansociety.co.uk\/en\/wp-json\/wp\/v2\/types\/page"}],"author":[{"embeddable":true,"href":"https:\/\/www.estoniansociety.co.uk\/en\/wp-json\/wp\/v2\/users\/1"}],"replies":[{"embeddable":true,"href":"https:\/\/www.estoniansociety.co.uk\/en\/wp-json\/wp\/v2\/comments?post=942"}],"version-history":[{"count":4,"href":"https:\/\/www.estoniansociety.co.uk\/en\/wp-json\/wp\/v2\/pages\/942\/revisions"}],"predecessor-version":[{"id":2593,"href":"https:\/\/www.estoniansociety.co.uk\/en\/wp-json\/wp\/v2\/pages\/942\/revisions\/2593"}],"wp:attachment":[{"href":"https:\/\/www.estoniansociety.co.uk\/en\/wp-json\/wp\/v2\/media?parent=942"}],"curies":[{"name":"wp","href":"https:\/\/api.w.org\/{rel}","templated":true}]}}

Arhiiv &#8211; 2017 &#8211; Üritused &#8211; Hristo Boychev &#8220;FENOMEN&#8221;

<p>&nbsp;</p>
<h2 style="text-align: center;"><span style="color: #5e5e61;">Hristo Boychev &#8220;FENOMEN&#8221;</span></h2>
<p><span style="color: #5e5e61;">   </span></p>
<p style="font-weight: 400;"><span style="color: #5e5e61;"><b><strong>Vaata ürituse kohta tehtud artiklit  meie<a style="color: #5e5e61;" href="http://londonieestlased.blogspot.co.uk/2017/03/hristo-boychev-fenomen-eesti-majas.html"> BLOGIS</a> ja pilte<a style="color: #5e5e61;" href="https://www.facebook.com/londonieestiselts/photos/a.142445709138693.21879.115408708509060/1204456389604281/?type=3&amp;theater"> FACEBOOKIS</a>!  Intervjuu Mait Malmsteniga on samuti <a style="color: #5e5e61;" href="http://londonieestlased.blogspot.co.uk/">BLOGIS</a> nähtaval! Lisaks on ilmunud artiklid &#8220;Eesti Hääle&#8221; märtsikuu 2017 numbris.</strong></b></span></p>
<p style="font-weight: 400;"><span style="color: #5e5e61;">Teatrigrupp R.A.A.A.M. esineb etendusega &#8220;FENOMEN&#8221; Londonis 14.veebruaril ja Dublini Theater Civic 16.veebruaril 2017. </span></p>
<p style="font-weight: 400;"><span style="color: #5e5e61;"><em><b><strong>&#8220;Mait Malmsteni monolavastus on köitev mõttemängu kõrgpilotaaž.</strong></b>&#8221; Margus Mikomägi</em></span></p>
<p style="font-weight: 400;"><span style="color: #5e5e61;">PEAOSATÄITJA:  MAIT MALMSTEN</span></p>
<p style="font-weight: 400;"><span style="color: #5e5e61;">Lavastaja Madis Kalmet</span></p>
<p style="font-weight: 400;"><span style="color: #5e5e61;">Kunstnik Ervin Õunapuu</span></p>
<p style="font-weight: 400;"><span style="color: #5e5e61;">Muusikaline kujundaja Peeter Konovalov (Ugala)</span></p>
<p style="font-weight: 400;"><span style="color: #5e5e61;">Valguskunstnik Priidu Adlas (Tallinna Linnateater)</span></p>
<p style="font-weight: 400;"><span style="color: #5e5e61;">Etendus on ilma vaheajata 65 minutit.</span></p>
<p style="font-weight: 400;"><span style="color: #5e5e61;"><b><strong>Sisututvustus</strong></b>:</span></p>
<p style="font-weight: 400;"><span style="color: #5e5e61;">Ekspertide komisjoni ette on toodud üks kummaline mees, kellelt loodetakse vihjeid tuleviku sündmustele. Kes on see salapärane, fenomenaalse elu- ja ajaloonägemusega mees? On ta tõekuulutaja või soolapuhuja ,hull või geenius, prohvet või šarlatan ? </span></p>
<p style="font-weight: 400;"><span style="color: #5e5e61;">&#8220;Malmsten vahendab tagurpidi liikuvat aega sellise usu ja sisendava veendumusega, et kuulajana ei saa lahti mõtetest – äkki see ongi nõnda! Enamikul meist ei ole üleloomulikke võimeid, me teame seda, ja ometi on meist kõigil keegi tuttav või vähemalt tuttava tuttav, kes teab rohkem.&#8221; Teatrikriitik, Margus Mikomägi</span></p>
<p style="font-weight: 400;"><span style="color: #5e5e61;">„Fenomen“, on Mait Malmsteni esimene ülesastumine monolavastuses.</span></p>
<p style="font-weight: 400;"><span style="color: #5e5e61;">„Fenomeni“ tekst on nii uus, et Eestis toimus 22. märtsil 2014  Ida-Euroopa ühe tuntuma näitekirjaniku maailmaesietendus. </span></p>
<p style="font-weight: 400;"><span style="color: #5e5e61;">Festivalidel osalemine: Lavastus “Fenomen” on osalenud Varna rahvusvahelisel festivalil Bulgaarias, „Altan SERGE“ festivalil Burjaatias. 2014. aasta Monomaffia festivalil Pärnus võitis Mait Malmsten peaauhinna “Suure Kirsi”.</span></p>
<p style="font-weight: 400;"><span style="color: #5e5e61;">Rohkem infot: </span></p>
<p style="font-weight: 400;"><span style="color: #5e5e61;">Teater R.A.A.A.M. &#8211; <a style="color: #5e5e61;" href="http://www.teater.ee/teater_eestis/teatrid/R.A.A.A.M.theatre_id-140%20/">http://www.teater.ee/teater_eestis/teatrid/R.A.A.A.M.theatre_id-140%20/</a></span></p>
<p style="font-weight: 400;"><span style="color: #5e5e61;">Näitleja Mait Malmsteni rollid ja lavastused &#8211; <a style="color: #5e5e61;" href="http://www.draamateater.ee/mait-malmsten">http://www.draamateater.ee/mait-malmsten</a></span></p>
<p style="font-weight: 400;"><span style="color: #5e5e61;">Teatri arvustus &#8220;Mees, kes mäletab tagurpidi  liikuvat aega.&#8221; &#8211; <a style="color: #5e5e61;" href="http://kultuur.postimees.ee/2754876/mees-kes-maeletab-tagurpidi-liikuvat-aega">http://kultuur.postimees.ee/2754876/mees-kes-maeletab-tagurpidi-liikuvat-aega</a></span></p>
<p style="font-weight: 400;"><span style="color: #5e5e61;"><b><strong>NB! Registreerimine on tasuta, aga palume teatrikülastajatel kaasa võtta sularaha:  £10.00 kultuuritegevuse toetuseks ja lisaks</strong></b><b><strong> hea ja parema ostmiseks TEATRIKOHVIKUS, kus on eestimaine ja sõbrapäevalik valik koha peal ja koju kaasa.</strong></b></span></p>
<p style="font-weight: 400;"><span style="color: #5e5e61;"><a style="color: #5e5e61;" href="https://www.eventbrite.co.uk/e/hristo-boychev-fenomen-tickets-31077916886">REGISTREERI siin! </a></span></p>
<p style="font-weight: 400;"><span style="color: #5e5e61;"><a style="color: #5e5e61;" href="https://www.facebook.com/events/1676603319298767/">Üritus Facebookis!</a></span></p>
<p style="font-weight: 400;"><span style="color: #5e5e61;">LISAINFO:</span></p>
<p style="font-weight: 400;"><span style="color: #5e5e61;">Teine etendus: 16.veebruaril 2017 kell 20.15. Dublini Civic Theatre Saalis etendus FENOMEN</span></p>
<p style="font-weight: 400;"><span style="color: #5e5e61;">Rohkem infot: <a style="color: #5e5e61;" href="https://www.civictheatre.ie/whats-on/fenomen/2017-02-16/">https://www.civictheatre.ie/whats-on/fenomen/2017-02-16/</a></span></p>
<p style="font-weight: 400;"><span style="color: #5e5e61;">&#8212;&#8212;&#8212;&#8212;&#8212;&#8212;&#8212;&#8212;&#8212;&#8212;&#8212;&#8212;&#8212;&#8212;&#8212;&#8212;&#8212;&#8212;&#8212;&#8212;&#8212;&#8212;&#8212;&#8212;&#8212;&#8212;&#8212;&#8212;&#8212;&#8212;&#8212;&#8212;&#8212;&#8212;&#8212;&#8212;&#8212;&#8212;&#8212;&#8212;-</span></p>
<p style="font-weight: 400;"><span style="color: #5e5e61;">Teater FENOMEN toovad teieni:</span></p>
<p style="font-weight: 400;"><span style="color: #5e5e61;"><b><strong>Londoni Eesti Selts ja Eestlased Dublinis </strong></b></span></p>
<p style="font-weight: 400;"><span style="color: #5e5e61;">Aitavad kaasa:</span></p>
<p style="font-weight: 400;"><span style="color: #5e5e61;"><b><strong>Eesti Saatkond Londonis, Eesti Saatkond Dublinis</strong></b></span></p>
<p style="font-weight: 400;"><span style="color: #5e5e61;">/ abistajate nimekiri täieneb jooksvalt/</span></p>
<p style="font-weight: 400;"><span style="color: #5e5e61;"><b><i><strong><em>Kultuuriüritust toetab Eesti Vabariigi Kultuuriministeerium ja väliseesti kultuuriühingute konkursi läbiviija Integratsiooni ja  Migratsiooni Sihtasutuse Meie Inimesed (MISA) seoses rahvuskaaslase programmiga.</em></strong></i></b></span></p>
<p style="font-weight: 400;"><span style="color: #5e5e61;"><em>Suur aitäh kõigile kaasaaitajatele ja teatrikülastajatele!</em></span></p>

<p>&nbsp; Hristo Boychev &#8220;FENOMEN&#8221;     Vaata ürituse kohta tehtud artiklit  meie BLOGIS ja pilte FACEBOOKIS!  Intervjuu Mait Malmsteniga on samuti BLOGIS nähtaval! Lisaks on ilmunud artiklid &#8220;Eesti Hääle&#8221; märtsikuu 2017 numbris. Teatrigrupp R.A.A.A.M. esineb etendusega &#8220;FENOMEN&#8221; Londonis 14.veebruaril ja Dublini Theater Civic 16.veebruaril 2017.  &#8220;Mait Malmsteni monolavastus on köitev mõttemängu kõrgpilotaaž.&#8221; Margus Mikomägi PEAOSATÄITJA:  MAIT MALMSTEN Lavastaja Madis Kalmet &hellip;</p>
<p class="read-more"> <a class="" href="https://www.estoniansociety.co.uk/en/uritused-hristo-boychev-fenomen/"> <span class="screen-reader-text">Arhiiv &#8211; 2017 &#8211; Üritused &#8211; Hristo Boychev &#8220;FENOMEN&#8221;</span> Read More &raquo;</a></p>
